5*o**2 + 26*o**2 - 12 + 2*o + o. Calculate the remainder when 23 is divided by s(-6).
5
Suppose -5*m - 5 = 45. What is the remainder when 48/10 + (-2)/m is divided by 4?
1
Suppose 5 = 4*m - 19. What is the remainder when 23 is divided by m?
5
Suppose 0 = 2*s - 22 - 4. Calculate the remainder when ((-2)/(-9) - (-32)/18) + 21 is divided by s.
10
Suppose -2*v = -4*r - 36, 0 = v + 2*r - r - 9. Calculate the remainder when 69 is divided by v.
9
Let a = 5 + -2. Let h(d) = 2*d - 2. Suppose 0 = -4*f + 5*p + 49, f + 4*p = -4*f + 10. What is the remainder when f is divided by h(a)?
2
Let d(g) = g**3 + 7*g**2 + g + 2. Calculate the remainder when d(-5) is divided by 12.
11
Let m(r) = -r + 3 - r + r - 13. Let v be m(7). What is the remainder when (v - 0)/(0 - 1) is divided by 9?
8
Suppose 47 - 127 = -5*i. Suppose -q + 23 = 2*c + 1, -4*q = i. What is the remainder when 23 is divided by c?
10
Let t(q) = 2*q**3 + q**2 - 1. Let k be t(2). Suppose j - 23 = -7*y + 4*y, 0 = -2*y - 6. Suppose 0 = m - j - k. What is the remainder when m is divided by 18?
15
Let p be (-1)/(1/(-3)) + 0. Calculate the remainder when 0 + 1 + -1 + 34 is divided by 72/8 + p*1.
10
Suppose -4 = -5*d - l + 23, 4*d = 3*l + 33. What is the remainder when 15 is divided by d?
3
Let o(f) = -41*f + 1. Let b be o(-6). Suppose 4*w - 124 = -4*n, n + 76 = -5*w + b. Suppose 30 + w = 5*v. Calculate the remainder when v is divided by 7.
6
Let z(u) = -u**3 + 5*u**2 + 6*u + 5. Let f = -6 - -8. Calculate the remainder when z(6) is divided by 4*(1 - f/4).
1
Let i(z) = -4*z**2 - 15*z + 7. What is the remainder when (3/2)/(2/8) is divided by i(-4)?
0
Let j = 4 - -16. Calculate the remainder when 57 is divided by j.
17
Let i(o) = -4*o**3 + o**2 - 1. Let j be i(-1). Suppose -2*p = 3*v - 50, -j*v - 10 = -5*v + p. What is the remainder when v is divided by 5?
4
Suppose 0 = -4*j, -f - 188 = -4*j - 20. Let x be 4/(-10) + f/30. Calculate the remainder when x/15 + (-132)/(-5) is divided by 9.
8
Let n = 221 - 99. What is the remainder when n is divided by 25?
22
Suppose -3*r + 54 = -r - 4*q, 3*q - 17 = -r. What is the remainder when (-13 + -1 + -1)*-3 is divided by r?
22
Let w(y) = 82*y - 1. What is the remainder when w(1) is divided by 41?
40
Let b(u) = 5*u**2 + 6*u + 2. Calculate the remainder when b(-4) is divided by 15.
13
Suppose t - 50 = -5*z, -2*z = -4*z - 4*t + 2. Calculate the remainder when 41 is divided by z.
8
Let z(r) = r**2 - 4. Let s be z(0). Let v be 3/(1 + -7)*s. Suppose -3*y + 3*x = -9, -3*y - v*y - 4*x = -33. What is the remainder when 13 is divided by y?
3
Suppose q = -2*l - 4*q + 8, 5*l - 2*q + 9 = 0. Let r = -9 + 13. What is the remainder when r + -2 + (11 - l) is divided by 8?
6
Calculate the remainder when 26 is divided by (-33)/(-5) - ((-13)/(-5) - 3).
5
Let l = -55 - -62. What is the remainder when 14 is divided by l?
0
Suppose -2*d = n - 8, -4*d - 2*n + 18 = -n. Suppose -129 = -4*q + d*x, -q = 2*x + 3*x - 51. What is the remainder when q is divided by 19?
17
Suppose 3*w + 19 = 4*q + 81, 4*w = -3*q + 91. Calculate the remainder when w is divided by (6/3 - (-9)/1) + -3.
6
Let r be ((-2064)/(-4))/4 - 3. Suppose 5*w - r - 99 = -5*b, -b - 3*w = -41. Calculate the remainder when b is divided by 12.
11
Let o be (4/(-6))/((-16)/72). Suppose 5*f = o*h + 2, 1 = -5*h + 4*f + 2. Calculate the remainder when h is divided by 1.
0
Let m be (3 - -2)/(1 - 0). Let z = m + -4. What is the remainder when 3 is divided by z?
0
Suppose -4*m = -4*n - 12, -3*m - n - 2*n = -21. Suppose -4*c - 16 = -m*r - 7, 0 = -2*c + 8. What is the remainder when 9 is divided by r?
4
Let n(x) = 189*x**3 - 2*x**2 + 2*x - 1. Let s = -4 + 5. Let a be n(s). Suppose -4*z + a = -0*z. Calculate the remainder when z is divided by 16.
15
Suppose -5*n - 10 = g, -n = 3*g - 5*n - 65. Let i(l) = 7*l**2 + l + 2. Let y be -4 + (-1)/(-1) + 1. Calculate the remainder when i(y) is divided by g.
13
Let p = 115 + -75. What is the remainder when p is divided by 14?
12
Suppose 30*d = 11*d + 2337. Calculate the remainder when d is divided by 62.
61
Suppose -5*v - 2*m + 289 = 0, 0*v = -3*v - 4*m + 179. Let w = -8 + v. Let f = -17 + w. Calculate the remainder when f is divided by 11.
10
Let b(a) = -5*a + 8. Suppose -5*w = -9*w + 8. Let k = -8 + w. What is the remainder when b(k) is divided by 20?
18
Let y(s) = 0*s**3 + 2*s**3 + 2 + s**3 + 2*s**3 - s. What is the remainder when y(2) is divided by 21?
19
Let k(o) be the first derivative of 11*o**4/4 - 2*o**3/3 + o + 2. Suppose 0 = -4*y + 2*d + 78, 6*d = 3*d - 3. What is the remainder when y is divided by k(1)?
9
Let v = 3 - 5. Let q(k) = 2*k**3 - 2*k. Let m be q(v). What is the remainder when 16 is divided by (-100)/m - 4/(-6)?
7
Calculate the remainder when 32 is divided by 6/(-4)*-12 - 1.
15
Let y = -16 + 11. Let w = 41 + y. Suppose -2*b = b - w. Calculate the remainder when b is divided by 7.
5
Let f(o) = o**2 - 2*o + 2. Suppose -1 + 10 = -3*g. What is the remainder when f(g) is divided by 6?
5
Let g = 9 - 1. Let j = g + -4. Calculate the remainder when 10 is divided by j.
2
Let j = 196 - 63. Let k = -7 + 41. What is the remainder when j is divided by k?
31
Suppose 4*y + 0*y - 160 = 0. Let c(r) = -3 + 3 - 2 + 6*r - 2. What is the remainder when y is divided by c(3)?
12
Suppose 12 = -z + 3*z. Let v(k) = 5*k + 5. Let n(d) = d - 1. Let h(g) = -6*n(g) + v(g). Calculate the remainder when h(-6) is divided by z.
5
Let d(f) = -16*f - 2. Calculate the remainder when d(-1) is divided by 8.
6
Calculate the remainder when 21 + 0/6 + 0 is divided by 9.
3
Suppose -2*r = -6*r + 16. What is the remainder when 15 is divided by r?
3
Suppose -2*a - 4*n + 24 = -0*a, 0 = -2*a - 3*n + 23. Calculate the remainder when 37 is divided by a.
7
Suppose -2*u - 383 = -6*u - c, 197 = 2*u - 5*c. What is the remainder when u is divided by 14?
12
Let o(x) = 4*x + 2. What is the remainder when 4510/45 + 2 - (-2)/(-9) is divided by o(6)?
24
Suppose 4*q = 12, -q = -2*x - 0 - 3. Suppose x = 2*u - 70 + 8. Suppose -k + 22 = k. What is the remainder when u is divided by k?
9
Let s = -1 - 5. Let y = 9 + -1. Calculate the remainder when 67/3 + (-4)/s is divided by y.
7
Let m(t) = t**2 + t + 1. Let d be m(-4). Suppose d = -0*o + o. Let x(z) = 3*z + 9. Calculate the remainder when x(5) is divided by o.
11
Let j(k) = -5*k - 22. Let g = 38 - 23. What is the remainder when j(-10) is divided by g?
13
Let p = 49 + -22. What is the remainder when p is divided by 15?
12
Let v = -250 + 267. Let u(m) = -m**3 - 6*m**2 - 6*m + 4. Calculate the remainder when v is divided by u(-5).
8
Let t = 42 - -4. Calculate the remainder when t is divided by 12.
10
Suppose 0*g = 3*g - 93. Suppose p + 8 = 3*p. Suppose 2*a = q - 16, 0*a = p*a. What is the remainder when g is divided by q?
15
Suppose 6*i = -0*i + 30. Calculate the remainder when 9 is divided by i.
4
Let w(u) = 36*u**3 - 1. Let n be w(1). Suppose -5*c = -5*p + n, -2*c = -4*p + 3*p + 4. Calculate the remainder when 17 is divided by p.
7
Suppose 153 + 35 = 4*v. What is the remainder when v is divided by 16?
15
Let m = 101 - 78. What is the remainder when 62 is divided by m?
16
Suppose -n = -5, -3*y + 54 = 5*n + 17. What is the remainder when 13 is divided by y?
1
Let t = 3 + 7. Calculate the remainder when 18 is divided by t.
8
Suppose 2*n = -2*n + 16. Suppose -2*j = -4*d + 22, 3*j + j - 16 = -n*d. Calculate the remainder when (5 - 153/36)/(1/12) is divided by d.
4
Let r(n) = -n**3 - n**2 + 19. What is the remainder when r(0) is divided by 5?
4
Let f = 107 - 101. Suppose -4*l + 8 = -12. Let a(y) = 2*y + 7. What is the remainder when a(l) is divided by f?
5
Let j(a) = 3*a**2 - 2. Let o be j(-2). Suppose 3*g - o = -2*g. Suppose -g*z + 3*u = -22, 2*u + 44 = 2*z + 3*z. What is the remainder when 23 is divided by z?
7
Suppose -5*a - 8 = 5*n - 63, a = n - 5. Suppose 2*s = -s + 66. Calculate the remainder when s is divided by n.
6
Let n(h) = -h + 17*h**2 - 5*h**2 - 5*h**2 + 37*h**2. What is the remainder when n(1) is divided by 11?
10
Let x(g) = g - 2. Let o be x(4). Suppose -5*l - o*v + 160 = 0, 3*l + l + 5*v = 111. Calculate the remainder when l is divided by 18.
16
Suppose 0 = 3*o - 5*w - 312, 2*o + 2*o - 445 = -3*w. Calculate the remainder when o is divided by 37.
35
Suppose -j = j - 3*n + 3, -4*j = -2*n - 14. 